**2 - 4*x - 3. Let k be g(-2). Suppose f - 4*f + 9 = 0. Let j(z) = -6*z - z**2 + f - 7*z + 16*z. Give j(k).
-7
Suppose -5*n - 2*p - 5 = 0, -4*n - 4 = 5*p - 0. Let i(c) = -3*c - 2. Let d(y) = -2*y - 1. Let v(r) = -5*d(r) + 2*i(r). Calculate v(n).
-3
Let j(t) = t**2 + 8*t + 5. Let k be j(-8). Let n(v) = -7*v + 2. Let s(z) = 4*z - 1. Let u(g) = -3*n(g) - 5*s(g). Calculate u(k).
4
Let l(t) = t**3 + 5*t**2 - 8*t - 7. Let x(k) = -k**2 - 2*k - 3. Let y be x(-3). What is l(y)?
5
Let c(r) = -r**3 - 2*r**2 - 2. Suppose 3*a - 30 = -0*a. Let m be 10/(-2)*4/a. Give c(m).
-2
Let g(h) = -2*h**3 - 3*h**2 + 3*h - 3. Let o(v) = -7*v**3 - 8*v**2 + 8*v - 8. Let b(l) = 8*g(l) - 3*o(l). Let a = -5 + 2. Let p = -4 - a. Calculate b(p).
-5
Let x(j) = 0*j**3 + j + 19 + 25 - 52 - j**3 + j**2. Give x(0).
-8
Let o(h) = -h**3 - 7*h**2 - 2*h - 10. Let l be o(-7). Let y(s) be the first derivative of s**2 - 3*s + 4. Calculate y(l).
5
Let m(u) be the second derivative of u**3/6 + 7*u**2/2 - u. Let v be m(-5). Let s(a) = -6*a**v - 4*a + 5 + a - a**3 - 2 + 3. What is s(-5)?
-4
Let d(k) be the third derivative of 0*k - 2/3*k**3 - 1/24*k**4 + 0 - 7*k**2. Calculate d(-5).
1
Suppose 3*h = -0 + 3. Let m(n) = -3*n + 5*n - 4*n + 0 + 9*n**3 + 1. What is m(h)?
8
Let f be (-36)/(-8)*(1 + 1). Let l = 11 - f. Let x(c) = -c**3 + 3*c**2 - 3*c + 3. Determine x(l).
1
Let u(g) be the third derivative of -g**5/60 - 5*g**4/24 - g**3 - 2*g**2. Suppose 2*d - 60 = 6*d. Let x = d - -11. Calculate u(x).
-2
Let x(d) = 6*d + 27. Let t(w) = -4*w - 18. Let y(a) = -7*t(a) - 5*x(a). Calculate y(-6).
3
Let g(o) = o**3 - o - 1. Let u(l) = -3*l**3 + 8*l**2 - 6*l + 11. Let d(s) = -s**3 - 3*s**2 + s + 1. Let t be d(-3). Let q(v) = t*g(v) - u(v). Calculate q(7).
-2
Let w(t) = -t + 9. Let r be w(-8). Suppose -2*x + 1 = r. Let i = -14 - x. Let b(j) = j + 10. What is b(i)?
4
Let x be 35/(-7)*(-6)/10. Let m(t) = t**2 - 4*t + 4. Let v be m(x). Let a(r) = 3*r - 4*r - v - 7. What is a(0)?
-8
Let b be (18/15)/((-9)/(-15)). Let r(v) = -3*v - 6*v**2 + 2*v**b + 5*v**2 + 1. Calculate r(3).
1
Let j(a) = -a**3 - 4*a**2 - 2*a + 9. Let q(k) = 2*k**3 + 8*k**2 + 4*k - 19. Let m(n) = 13*j(n) + 6*q(n). Calculate m(-3).
0
Let d(x) be the third derivative of -x**5/30 - x**4/12 + x**3/3 - x**2. Calculate d(-2).
-2
Let x(n) be the first derivative of 3*n**4 + n**2/2 + n + 17. What is x(-1)?
-12
Let l(u) = -u**3 + 2*u**2 + 2*u - 2. Let o be l(2). Let n(c) = -2 - 4*c + 7*c + c**2 - o. Calculate n(-3).
-4
Let k(i) = -125 + i - i**3 - 8*i**2 + 0*i**2 - 2*i + 119. Give k(-8).
2
Let h(a) = 5 + 4 + 58*a - 2 - 57*a. What is h(-4)?
3
Let i(a) be the third derivative of a**5/60 + a**4/12 - a**3/3 + a**2. Suppose 3*f + 17 = -7. Let b = 4 + f. Give i(b).
6
Let m be (-2 + -4)*(-3)/6. Let r(h) = h**2 - 2*h**2 + 0*h - 2 + 2*h. Determine r(m).
-5
Let v(p) = -p + p - p + 0*p. Let m = -1 + 1. Calculate v(m).
0
Suppose -28 - 7 = -7*n. Let m(j) be the second derivative of 0 - 7/2*j**2 - 1/2*j**4 + j + 7/6*j**3 + 1/20*j**5. What is m(n)?
3
Let y(i) = -i**2 + 2*i. Let q be y(1). Let c(w) be the first derivative of w**2 + w - 39. Give c(q).
3
Let a(s) = s**3 - 8*s**2 - 8*s - 6. Let o be a(9). Let h(q) = -7*q**2 + 3*q**2 + 4*q**o + 3*q - 3 - 3*q**3. What is h(2)?
-5
Let z(u) be the second derivative of -u**5/20 - 5*u**4/12 + 5*u**3/6 - 3*u**2/2 + u. Calculate z(-6).
3
Let o(m) = 2*m + 1. Let v(z) = z**2 - 5*z - 2. Suppose 0 = 5*n + 5*k + 70, 24 = -3*n + 2*k + k. Let j = n - -6. Let p(y) = j*o(y) - 2*v(y). Calculate p(-1).
-3
Suppose -i + 9 = 2*i. Let w(o) = -o**2 + o + 1. Let q be w(0). Let l(r) = -4*r**2 + q + 2*r**3 + 0*r**3 + r - r**3. Determine l(i).
-5
Let l(i) = -111*i**3 - 6*i**2 + 1 + 112*i**3 + 5*i**2. What is l(1)?
1
Let c(s) = s - 7. Let j(r) = r**2 - 4*r - 7. Let b = 1 - -4. Suppose 2*g - 3*a = 15, b*a + 7 - 2 = 0. Let n be j(g). Determine c(n).
-2
Let q(n) = n**3 - n**2 - 3*n + 3. Suppose 31 = 11*b - 2. Give q(b).
12
Let u(n) be the third derivative of n**7/5040 - n**6/720 - n**5/60 + n**2. Let p(g) be the third derivative of u(g). What is p(6)?
5
Let i(n) = 56 - n**2 - 26 - 36 - 7*n. Determine i(-6).
0
Let n(g) be the first derivative of -11*g**4/4 - g**3/3 - 3*g**2/2 - g + 3. Let w(j) = 23*j**3 + 3*j**2 + 7*j + 2. Let r(a) = -7*n(a) - 3*w(a). Determine r(1).
7
Let u(a) be the first derivative of a + 2 + 1/2*a**2. Calculate u(2).
3
Let w(i) be the third derivative of i**5/30 - i**4/12 - i**3/6 - 7*i**2. Let l be ((-4)/6)/((-2)/(-6)). What is w(l)?
11
Suppose -4*t - 7 = -3. Let s(q) = 8*q**2 - q - 1. Calculate s(t).
8
Suppose 7*r = 10*r - 4*r. Let d(m) = -m**2 + m + 5. Determine d(r).
5
Let z(a) = -3*a + 3. Suppose 3 = 2*g - 9. Suppose g*j - 3*j - 39 = 0. Suppose 3 - j = -5*l. What is z(l)?
-3
Let z(b) = 6*b**2 + 13*b - 10. Let i(k) = 5*k**2 + 12*k - 9. Let a(q) = -7*i(q) + 6*z(q). Determine a(4).
-5
Let a(j) = 11*j - 25*j + 2*j**2 - 1 + 10*j. Suppose 5*k - 2*t - 17 = 0, -3*k - k - 5*t + 7 = 0. Give a(k).
5
Let w(i) = -8*i**2 + 2*i + 2. Let b = 7 + -5. Suppose 4 = 2*s - b. Let z(k) = -9*k**2 + 2*k + 3. Let u(v) = s*z(v) - 4*w(v). Give u(1).
4
Let x be 0 + 0 + (14 - 17). Let t(k) = -k**3 - 4*k**2 - 5*k - 3. Calculate t(x).
3
Let h(n) = 35*n - 179. Let a be h(5). Let l(r) = -r**2. Let x(t) = t**3 + 9*t**2 - 6*t - 6. Let w(i) = 6*l(i) + x(i). Give w(a).
2
Let u(z) be the first derivative of 3*z**2/2 - 3*z - 1. Let h = -5 + 9. Determine u(h).
9
Suppose 2 = 2*y - h - 4, 0 = -4*y + 4*h + 4. Let s(z) = 2*z - 20. Let t(v) = -3*v + 30. Let r(u) = 7*s(u) + 5*t(u). What is r(y)?
5
Let w(p) = p - 5. Suppose 5*x - 4*l + l + 32 = 0, 0 = -4*x - 5*l + 4. What is w(x)?
-9
Let k(f) = f**3 - 5*f**2 - f + 6. Let o be 2/(-3)*27/(-6). Suppose -8 = 5*l - 2*l - 5*z, 16 = -o*l + z. Let r = l + 11. Determine k(r).
1
Suppose 8 = 3*a - 7. Suppose 5 + 10 = a*d. Let f(y) = -2*y + 2. Determine f(d).
-4
Let o(i) be the third derivative of 0*i + 0*i**3 + 1/6*i**4 + 0 + 1/60*i**5 - i**2. What is o(-5)?
5
Let a(b) = 7*b + 1. Let x(h) = 8*h + 2. Let g(r) = -4*a(r) + 3*x(r). Calculate g(2).
-6
Let f(z) = 2*z**3 + 5*z**2 + z - 2. Suppose l - 42 = -l. Suppose -4*k + 3*w - l = 0, 5*k + w = -w - 9. Calculate f(k).
-14
Let d = 9 + -7. Let g(k) = -7 + 3*k + 6 - d*k. Calculate g(1).
0
Let o be (-2)/(-3)*(-9)/(-2). Let w(d) = -o + 5 - 1 - d. Give w(4).
-3
Let k be 56/30 + ((-176)/30 - -6). Let a(b) be the third derivative of k*b**2 + 0*b + 1/3*b**3 + 0 + 1/12*b**4. Determine a(-3).
-4
Let j(r) = r**2 - 7*r + 3. Let b = 3 + -3. Let n(a) = -a**2 + 6. Let i be n(b). Determine j(i).
-3
Let m be (-2)/9 + 616/(-63). Let i be (8/m)/(8/(-20)). Suppose 6*p = i*p - 4*s + 24, 3*p - 5*s + 22 = 0. Let a(y) = -4*y. Determine a(p).
-4
Let r(c) = 79*c**2 + c**3 - 36*c**2 - c + 3 - 40*c**2. Give r(-3).
6
Let j(a) = 2 + 0*a**2 - 4 - a + 1 - a**2. Let b(r) = 2*r**2 - r + 1. Let t(v) = -b(v) - 3*j(v). What is t(-3)?
-1
Let p = 173/2 - 86. Let b(d) be the first derivative of -3 + 6*d + p*d**2. Give b(-3).
3
Let z(b) = -13*b + 4. Let t(d) = 17*d - 5. Let j(a) = -5*t(a) - 6*z(a). Suppose -5 = -5*k - 0. Determine j(k).
-6
Let m(j) = -j + 9. Let r be m(5). Suppose p + 15 = 2*w - 4*w, -r*p = 5*w + 45. Let v(z) = -3*z + 2 - 4 - z**2 - 5*z + 2*z. Give v(w).
3
Let j = -1 - -4. Let w(x) = 5*x**2 - 2*x**2 - 2*x**2 + j - 2 - x. Calculate w(1).
1
Let q(f) be the third derivative of 0*f + 0 + 1/60*f**5 + 1/2*f**3 - 3*f**2 + 1/4*f**4. Calculate q(-4).
-5
Let m(s) = s**2 - 9*s + 6. Let b = 65 + -58. Determine m(b).
-8
Let g(w) = -w. Let d be g(1). Let o(y) = -24*y**3 + 33*y + 33. Let h(b) = b + 4 - 3*b**3 + 0*b**3 + 3*b. Let r(k) = -33*h(k) + 4*o(k). Calculate r(d).
-3
Let c(p) = -p**3 + 7*p**2 + 8*p + 5. Let v(u) = 3*u**3 - 14*u**2 - 17*u - 10. Let n(h) = -5*c(h) - 2*v(h). What is n(-6)?
-5
Let c(g) = g**2 - 21*g + 18*g + 2 + g**2 - g**2 + g**3. Determine c(-3).
-7
Let r be ((-2)/6)/(6/(-252)). Let i = 19 - r. Let b(a) = a**3 - 4*a**2 - 6*a + 3. Give b(i).
-2
Suppose -3*o = 6 - 57. Let h = 20 - o. Let n(d) = d**3 - 4*d**2 + 2*d - 2. What is n(h)?
-5
Let x be 63/(-24) + 12/(-32). Let o(v) = -2*v**2 + 4*v**2 - 3*v**2 + 2. Give o(x).
-7
Let a(u) = u**2 - 7*u + 2. Let v be a(7). Let t(z) = 0*z - 2*z - 3*z + 2*z - v. Suppose -4*s = -s + 12. Calculate t(s).
10
Let h(a) = 23*a**2 - 29*a - 11. Let u = -7 + 13. Let o(g) = 4*g**2 -